2*r**3 - 5*r**2 - r + 8. Calculate m(-2).
6
Let j(u) = -3*u**2 - 10*u - 16. Calculate j(0).
-16
Let c(v) = -v**2 + 11*v - 2. Give c(9).
16
Let n(c) = 6*c - 55. Determine n(11).
11
Let k(n) = -n + 4. Determine k(3).
1
Let t(p) = 7*p**2 + 33*p - 34. Determine t(1).
6
Let h(a) = a**2 + 13*a - 5. Give h(-14).
9
Let w(s) = -s**3 - 87*s**2 - 1. Determine w(-87).
-1
Let w(o) = -2*o**3 - 19*o**2 + 36*o + 25. Give w(-11).
-8
Let h(z) = -13*z + 45. Determine h(10).
-85
Let j(b) = -b**3 + 4*b**2 + 12*b - 3. What is j(6)?
-3
Let f(m) = -2*m**3 + 12*m**2 + 17*m - 21. Give f(7).
0
Let i(s) = s**2 - 21*s + 97. Determine i(13).
-7
Let w(j) = -j**3 + 8*j**2 + 10*j - 5. What is w(9)?
4
Let d(i) = i**2 - 5*i + 4. Determine d(7).
18
Let z(u) = -u - 1. Give z(-5).
4
Let i(k) = k**3 + 9*k**2 + 2*k + 7. What is i(-9)?
-11
Let d(k) = k**3 - 12*k**2 + 11*k - 7. Give d(11).
-7
Let y(h) = -2*h**2 - 3*h + 41. Calculate y(-6).
-13
Let w(i) = 2*i - 21. Determine w(-6).
-33
Let o(i) = -2*i**2 - 20*i + 4. Calculate o(-9).
22
Let h(u) = 19*u**2 + u. What is h(1)?
20
Let o(r) = -4*r**2 - 9*r + 7. Determine o(-5).
-48
Let r(g) = -2*g + 16. What is r(8)?
0
Let z(u) = 2*u - 26. Give z(9).
-8
Let j(d) = 2*d**2 + 6*d - 3. What is j(-6)?
33
Let i(k) = 98*k**2 + k + 1. What is i(-1)?
98
Let g(p) = -33*p**3 - 2*p + 1. Determine g(1).
-34
Let m(i) = -i**3 - 5*i**2 - 13*i - 30. Give m(-4).
6
Let j(k) = -20*k**2 - 2*k. Calculate j(-3).
-174
Let m(p) = -2*p**2 - 37*p + 7. Determine m(-19).
-12
Let f(w) = 13*w - 1. Give f(4).
51
Let z(o) = 4*o**2 + o + 4. What is z(-5)?
99
Let m(c) = c**3 - c**2 + 2*c - 2. Give m(3).
22
Let x(y) = y**2 + 9*y - 3. Determine x(-10).
7
Let p(n) = -n**2 + 10*n - 23. Determine p(8).
-7
Let r(v) = 3*v**3 - 19*v**2 + 5*v + 16. What is r(6)?
10
Let z(c) = -2*c**3 - 2*c**2 + c - 2. Calculate z(-2).
4
Let b(w) = w**2 + 9*w + 3. Calculate b(0).
3
Let w(g) = -11*g + 138. Calculate w(12).
6
Let s(c) = 5*c**2 + 3. What is s(-3)?
48
Let k(g) = -6*g - 1. Give k(5).
-31
Let b(o) = -o**3 - 11*o**2 - 4*o + 3. Determine b(-10).
-57
Let b(c) = -10*c + 20. Determine b(6).
-40
Let b(f) = 3*f**3 - 2*f**2 + 3*f + 2. Determine b(-1).
-6
Let q(r) = -r**3 - 11*r**2 + 27*r + 173. Give q(-12).
-7
Let v(d) = -d**3 + 5*d**2 - 5*d + 4. Calculate v(4).
0
Let o(v) = v + 16. Give o(-9).
7
Let n(g) = g - 10. What is n(8)?
-2
Let v(o) = o**3 + 22*o**2 - 24*o - 62. Determine v(-23).
-39
Let u(j) = -j**3 - 9*j**2 + 8*j + 12. What is u(-10)?
32
Let t(m) = -m**3 - 5*m**2 + 25*m + 8. Determine t(-8).
0
Let n(m) = -m**2 - m - 1. What is n(-2)?
-3
Let d(j) = -j**3 - 4*j**2 + 4*j - 9. Determine d(-5).
-4
Let a(p) = p**2 - 5*p + 1. Give a(6).
7
Let i(h) = 3*h**3 - 3*h**2 + 3*h - 1. What is i(3)?
62
Let z(y) = -y**2 + 3*y + 7. Give z(5).
-3
Let z(d) = -d**3 - 5*d**2 + 7*d - 3. What is z(-7)?
46
Let j(o) = 7*o + 5. Calculate j(4).
33
Let k(y) = y + 1. Calculate k(8).
9
Let z(x) = x**3 + 26*x**2 - 29*x - 25. Calculate z(-27).
29
Let w(c) = c**2 - 20*c - 220. Give w(28).
4
Let f(o) = -3*o**2 - o + 2. What is f(-2)?
-8
Let w(l) = 7*l - 57. Calculate w(13).
34
Let k(w) = -w**2 - 4*w + 4. Calculate k(-4).
4
Let j(n) = -4*n**2 + 13*n - 3. Calculate j(5).
-38
Let c(i) = 109*i**2 - 2. Determine c(-1).
107
Let l(p) = p**3 + 7*p**2 - 15*p + 152. Calculate l(-10).
2
Let a(x) = -x**2 + 6*x + 10. Determine a(-2).
-6
Let g(w) = 5*w + 38. Determine g(-10).
-12
Let t(b) = 20*b - 4. Determine t(4).
76
Let v(f) = -f**3 + 8*f**2 + 9*f - 8. What is v(9)?
-8
Let h(c) = 9*c + 40. Determine h(-13).
-77
Let x(l) = l**2 + 13*l + 7. Give x(-12).
-5
Let b(z) = 73*z**3 + 1. Determine b(1).
74
Let f(q) = -q**2 + 10*q - 9. What is f(9)?
0
Let v(q) = -2*q**2 + 4*q + 1. Give v(6).
-47
Let q(n) = 15*n**3 - 2*n - 1. Give q(-1).
-14
Let j(p) = p + 1. Give j(-5).
-4
Let g(d) = 14*d + 1. What is g(-1)?
-13
Let d(p) = p**2 - 25*p + 60. What is d(21)?
-24
Let q(k) = 17*k + 95. Give q(-9).
-58
Let z(o) = -3*o**3 + 31*o**2 - 13*o + 32. What is z(10)?
2
Let k(x) = 2*x**3 - 2*x**2 - 3*x + 1. Calculate k(0).
1
Let c(g) = -10*g**3 + g**2 + 12*g + 12. What is c(-1)?
11
Let u(w) = -4*w**2 + 20*w - 47. Determine u(3).
-23
Let x(v) = -9*v + 128. Determine x(14).
2
Let y(n) = -n**2 + n + 15. What is y(0)?
15
Let c(m) = -11*m + 49. Determine c(4).
5
Let c(k) = 3*k**2 - 8*k + 6. Calculate c(2).
2
Let m(g) = -g**3 - 3*g**2 + 2*g - 4. Give m(-4).
4
Let o(f) = -3*f**3 + 32*f**2 - 20*f - 3. Determine o(10).
-3
Let t(z) = -3*z + 24. Determine t(6).
6
Let z(o) = -3*o**2 - 16*o + 11. What is z(-5)?
16
Let n(i) = i**3 + 20*i**2 - 20*i - 25. Calculate n(-21).
-46
Let r(u) = 74*u + 658. Calculate r(-9).
-8
Let b(o) = -o**3 + 6*o**2 + 8*o - 57. Determine b(6).
-9
Let k(a) = -21*a + 14. Determine k(4).
-70
Let c(p) = p**2 - 6*p - 3. What is c(7)?
4
Let g(i) = 5*i - 18. Give g(5).
7
Let g(n) = -n**3 + 14*n**2 + 15*n + 5. What is g(15)?
5
Let t(l) = l**3 + 6*l**2 + 5*l - 7. Calculate t(-4).
5
Let n(i) = -36*i**3 - i. Calculate n(1).
-37
Let c(i) = -2*i**2 - 27*i - 6. Give c(-13).
7
Let f(q) = 2*q**2 + 4*q - 11. Calculate f(5).
59
Let z(d) = d**3 - 10*d**2 + 17*d + 21. Give z(7).
-7
Let o(t) = t**3 + 5*t**2 + 5*t + 8. Calculate o(-2).
10
Let t(c) = -30*c**2 - 46*c + 2. Give t(-2).
-26
Let s(x) = -11*x - 16. Give s(-10).
94
Let o(m) = 6*m**3 + 2*m - 1. Give o(2).
51
Let q(g) = g**3 + 5*g**2 - 11*g + 33. Calculate q(-7).
12
Let k(n) = n**3 + 50*n**2 - 48*n + 154. Calculate k(-51).
1
Let d(j) = -28*j - 789. Give d(-28).
-5
Let v(m) = -2*m + 1. What is v(-6)?
13
Let b(y) = 9*y + 25. What is b(-10)?
-65
Let v(t) = t**3 + 4*t**2 - 3*t - 2. What is v(-4)?
10
Let a(c) = -c**3 - 5*c**2 + c + 4. Give a(-4).
-16
Let c(f) = -6*f - 34. What is c(7)?
-76
Let m(i) = -2*i - 36. Calculate m(-17).
-2
Let v(h) = h**2 - h + 1. Determine v(-2).
7
Let d(x) = -x**2 - 3*x + 7. Give d(-2).
9
Let x(a) = -a**3 - 9*a**2 - 21*a - 49. Calculate x(-7).
0
Let o(n) = 10*n + 2. What is o(3)?
32
Let z(f) = f**2 - f - 15. Give z(5).
5
Let j(z) = -z**3 - 10*z**2 + z + 11. What is j(-10)?
1
Let b(l) = l**2 - 20*l + 68. What is b(10)?
-32
Let b(z) = z**2 - 18*z - 8. Calculate b(19).
11
Let c(s) = -s**3 - 7*s**2 + s + 8. What is c(-7)?
1
Let h(k) = -k**2 + 54*k + 354. Calculate h(-6).
-6
Let g(a) = -3*a - 9. What is g(-10)?
21
Let q(a) = -a**3 - 16*a**2 - 15*a + 3. Determine q(-15).
3
Let g(l) = 3*l + 19. Determine g(-7).
-2
Let w(k) = k + 13. What is w(-8)?
5
Let n(o) = -60*o + 180. Determine n(3).
0
Let r(t) = -2*t + 52. Determine r(24).
4
Let z(j) = -j + 11. Calculate z(0).
11
Let y(a) = a + 11. Give y(6).
17
Let c(z) = -2*z + 8. What is c(-6)?
20
Let p(m) = 16*m + 33. Calculate p(-6).
-63
Let w(n) = -n**3 + 6*n**2 - 5*n + 8. Give w(5).
8
Let q(u) = 3*u**3 - 43*u**2 + 52*u + 5. Determine q(13).
5
Let c(i) = i**3 - 17*i**2 + 17*i + 14. What is c(16)?
30
Let y(t) = t**3 - 42*t**2 + 39*t + 88. What is y(41)?
6
Let a(j) = j**3 - 11*j**2 - 16*j + 22. What is a(12)?
-26
Let x(z) = -z**2 + 10*z - 7. What is x(8)?
9
Let c(v) = v**2 - 5*v + 5. Determine c(2).
-1
Let x(u) = -16*u + 11. What is x(3)?
-37
Let f(l) = -l**3 + 13*l**2 + 23*l - 129. Calculate f(14).
-3
Let o(x) = -x**3 + 6*x**2 + 6*x + 3. Determine o(7).
-4
Let k(u) = u**2 - 2*u - 5. Give k(4).
3
Let w(f) = 25*f**3. Calculate w(1).
25
Let h(l) = 2*l**2 + 7*l + 6. Calculate h(-4).
10
Let a(w) = -2*w**3 - 2*w**2 + 2*w + 4. Determine a(-3).
34
Let j(g) = -15*g + 53. Determine j(4).
-7
Let a(o) = -5*o - 35. Give a(-7).
0
Let f(u) = u + 21. Determine f(-13).
8
Let u(y) = -29*y**3 - y**2. Determine u(-1).
28
Let g(b) = 2*b**3 + 2*b**2 + 2. What is g(-4)?
-94
Let c(n) = 29*n - 18. Determine c(4).
98
Let s(f) = 3*f - 7. What is s(5)?
8
Let z(n) = n**3 - 16*n**2 - 15*n + 221. Give z(16).
-19
Let o(t) = -t**3 + 5*t**2 - 2*t + 19. Give o(6).
-29
Let p(q) = q**2 + 10*q - 48. What is p(-14)?
8
Let a(f) = -14*f**3 + f + 1. Determine a(-1).
14
Let j(w) = 2*w**2 + 25*w - 108. Determine j(-16).
4
Let r(h) = -3*h**2 + 7*h - 13. Determine r(2).
-11
Let s(o) = 2*o - 9. What is s(2)?
-5
Let b(n) = n**3 + 3*n**2 - n - 4. Calculate b(-4).
-16
Let d(h) = -h**3 - 13*h**2 - 11*h + 17. What is d(-12)?
5
Let q(n) = -n**3 - 12*n**2 - 12*n + 33. Calculate q(-11).
44
Let m(d) = -2*d**2 - 17*d + 8. Calculate m(-9).
-1
Let s(t) = -3*t - 2. What is s(1)?
-5
Let c(z) = -z**3 - 10*z**2